 and 22.
11
Let x be (16/(-14))/(28/(-98)). Suppose 0 = i - 4, 3*b + 3*i = x*i + 194. What is the highest common factor of b and 6?
6
Suppose -17*p - 192 = -20*p. Calculate the greatest common factor of p and 80.
16
Suppose -4*z - s = 4*s + 15, -z = -5*s - 15. Suppose 3*y = -z*y - 3. Let v be (17 - 21)*2/y. What is the greatest common divisor of v and 64?
8
Let i be (11/2)/(2/40). Let m be 18/8 + 12/(-48). Suppose o + 15 = 4*r - m*r, 2*o = 3*r - 20. Calculate the greatest common factor of i and r.
10
Let x be (-10)/10 + (1 - (-645 - 0)). What is the highest common divisor of x and 86?
43
Let d be 4*(-3 + 2) + 8. Let v = d + -8. Let p = 56 - v. What is the highest common factor of 24 and p?
12
Let h = 80 - 74. Suppose -14*b = -13*b - h. What is the highest common factor of 54 and b?
6
Let p(f) = f**3 + 13*f**2 - 3*f - 11. Let k be p(-13). Calculate the greatest common divisor of 7 and k.
7
Let r(k) = k**2 - 12*k + 17. Let a be r(7). Let w be (-2)/((-2)/a*1/(-3)). What is the greatest common factor of 18 and w?
18
Suppose 2*d = -d + 4*y + 4, -2*y = 8. Let j be 36/(5*d/(-90)). Suppose 0 = -0*u - 3*u + 54. Calculate the greatest common factor of j and u.
18
Let t(n) = -n**3 + 5*n**2 - 3*n - 6. Let i be (12/10)/(2/5). Let a be t(i). What is the greatest common factor of a and 1?
1
Let a be (-2)/(-3*(-2)/(-15)). Let k = 293 + -253. What is the highest common divisor of k and a?
5
Let n be 14/(-49) - (-2964)/(-14). Let i = -134 - n. Calculate the greatest common divisor of 195 and i.
39
Let n(s) = 6*s - 23. Let j be n(6). Suppose -4*h + 2*c + 270 = 0, h = -h + 2*c + 140. Calculate the highest common divisor of j and h.
13
Let f(u) = -3*u + 1. Let m be f(3). Let p = -15 - m. Let a be p*((-64)/28)/4. What is the highest common divisor of 24 and a?
4
Let w be 1096/50 + 6/75. Calculate the greatest common divisor of w and 1078.
22
Suppose -m + 4*m - 9 = 0. Let k(b) = 4*b - 7. Let j be k(m). Calculate the highest common factor of j and 40.
5
Let s = -39 - -58. Let j = -21 + s. Let y be (3 - (j - -2)) + -2. Calculate the greatest common factor of 11 and y.
1
Let q be 56/6*(-6)/24*15. Let t = q - -259. What is the highest common divisor of 28 and t?
28
Let t be ((-66)/(-24))/((-2)/8)*-5. What is the highest common factor of t and 55?
55
Let z = 101 - -417. Calculate the highest common factor of 37 and z.
37
Let b = 988 - 700. What is the highest common factor of b and 36?
36
Suppose 2*o - 952 = -5*z + 188, z - 220 = -2*o. Calculate the highest common divisor of 20 and z.
10
Let s(d) = -d**3 - 12*d**2 - 42*d - 25. Let v be s(-6). Suppose -4*y - a + 487 = 0, -2*a = -4*y + a + 475. What is the greatest common factor of y and v?
11
Let s be 55/44*(2 - -1*14). Calculate the greatest common divisor of s and 180.
20
Suppose -4*w + 0*w - m - 129 = 0, -m = w + 36. Let s = w + 49. Let p(u) = 3*u**2 + u - 3. Let n be p(3). Calculate the highest common factor of s and n.
9
Let d = -37 - -37. Suppose -2 = 3*a - 0*a - 4*z, -2*z + 4 = d. Suppose 0 = g + 2*c - 80, 2*g + a*c = c + 166. Calculate the highest common factor of g and 12.
12
Suppose 0 = -15*v - 6 + 111. Calculate the highest common divisor of v and 6.
1
Suppose -2511 = -8*d - 23*d. Calculate the highest common divisor of 144 and d.
9
Suppose -5*s + 91 + 79 = 0. Suppose -2*y - i + 58 = 12, -2*y + s = -5*i. Suppose -u + 0*u = -y. Calculate the greatest common divisor of 55 and u.
11
Let y(q) = 15*q - 3 + 1 + 3*q. Let b be ((-6)/5)/(27/(-90)) - 2. Let m be y(b). Calculate the highest common divisor of m and 34.
34
Suppose -15 = -3*k + 75. Suppose -7 = -2*s + c + 3, 5*s - 5*c = k. Calculate the highest common factor of 2 and s.
2
Let l be 3/(-1) + 13/((-52)/(-160)). Calculate the greatest common divisor of 1332 and l.
37
Let w be (-3)/(-4 + 1 + 4). Let h be 1/w + 7/21. Suppose 4*u = 3*k + 47, h = -0*u - 3*u - 3*k + 51. What is the greatest common factor of 35 and u?
7
Suppose -4*d + 0*d = -352. Suppose -56*b + 88 = -48*b. Calculate the greatest common divisor of d and b.
11
Let j(d) = -d + 6. Let s be j(2). Let b(q) = 2*q**2 - 5*q + 5. Let r be b(s). What is the greatest common factor of r and 119?
17
Suppose -10*m = -6021 - 2979. What is the greatest common divisor of 60 and m?
60
Suppose -n = -0*n - 2. Suppose -18 = -a + i + 18, 72 = n*a + i. Calculate the greatest common factor of a and 18.
18
Let x be 1 - -10 - 3*-1. Let m = 5 - x. Let d = 9 - m. Calculate the greatest common factor of d and 54.
18
Let g(j) = 127*j**2 + 36*j - 37. Let k be g(1). Let o be 0 - (0 - 14 - 0). What is the greatest common factor of o and k?
14
Let d(y) = -3*y**2 + y**3 - 32 - 7*y + 39 + 17*y**2. Let g be d(-14). Calculate the highest common divisor of 30 and g.
15
Let g = 36 + -18. Let p be 729/g*(-8)/(-6). Calculate the highest common divisor of p and 6.
6
Let h(r) = -r**2 - 16*r + 67. Let m be h(-19). Calculate the highest common divisor of 270 and m.
10
Suppose -v = h - 2 - 0, 0 = 2*h + 3*v - 2. Suppose h*s + a = -4*a + 63, 3*s - 3*a - 27 = 0. Calculate the highest common divisor of 36 and s.
12
Suppose -62*u + 55*u = -280. Calculate the greatest common divisor of 64 and u.
8
Suppose -3*t + 166 = -4*c, 8*t - 238 = 3*t - 3*c. Let o be (-15)/(-12) - 4/16. Let n be 16/8 - (-18)/o. What is the highest common factor of t and n?
10
Let f = 420 + -399. Calculate the greatest common divisor of f and 2163.
21
Let g be 2/(25/30*(-10)/(-25)). What is the highest common factor of 6 and g?
6
Let k = -176 - -192. Calculate the highest common factor of k and 976.
16
Let d = 61 - 36. Suppose 3*z = -z - 4, z = -2*r + d. Let j = 12 + r. What is the greatest common divisor of j and 10?
5
Suppose 3*o - 2551 = -4*a, 5*a + 5*o - 3197 = 4*o. What is the highest common divisor of a and 10?
10
Let d be 64*(-2 + 51/12). Suppose 16*l = 150 + 106. Calculate the highest common factor of l and d.
16
Let w(q) = 2*q**2 - 33*q + 281. Let b be w(11). Calculate the greatest common divisor of b and 40.
40
Let s(o) = -5*o**2 - 7*o - 16. Let i be s(-11). Let q be (-4)/(-6) + i/(-48). Suppose 3*g = -2 + 20. What is the highest common factor of g and q?
6
Suppose 2*n = 0, 0 = o + n - 45 + 9. Calculate the greatest common factor of o and 192.
12
Suppose 2*v - 3*h = -13, v - 4*v + 8 = h. What is the highest common factor of 27 and v?
1
Suppose -d - 49 + 71 = f, -50 = -2*d - 5*f. What is the highest common factor of 16 and d?
4
Let c(v) = -15*v - 267. Let i be c(-19). Calculate the highest common divisor of 288 and i.
18
Let v be ((-1344)/(-36))/14*(-15)/(-2). Calculate the greatest common divisor of 164 and v.
4
Suppose -2*g = -5*g + 180. Let w(l) = -l**3 - 48*l**2 - 552*l + 16. Let i be w(-29). What is the greatest common factor of g and i?
15
Let b = -15 - -23. Let n(a) = -a**3 + 7*a**2 + 9*a - 5. Let l be n(b). What is the greatest common factor of l and 15?
3
Let a = 1273 + -1251. Suppose 135 + 30 = 3*h. Calculate the greatest common divisor of h and a.
11
Let y(f) = -f**3 + 7*f**2 - 4*f - 10. Let n be y(5). Suppose n = -9*r + 110. Let k = 0 + 10. Calculate the highest common factor of k and r.
10
Suppose 0*w - w - 3*k = -36, 2*w - 42 = 4*k. Let r = 7 - 4. What is the greatest common factor of r and w?
3
Let p be 66/33*2/1. What is the highest common divisor of 6 and p?
2
Let o = 42 + 34. What is the greatest common divisor of 380 and o?
76
Let x(i) = -16*i**2 - i. Let q be x(-1). Let t be 2775/9 - 0 - (-5)/q. What is the highest common factor of t and 28?
28
Suppose -11*i + 516 + 2487 = 0. Calculate the greatest common divisor of 21 and i.
21
Let l(q) = -2*q**3 - 4*q**2 + 10*q + 15. Let i be l(-5). Suppose f - 5*m - 25 = 60, 0 = f + m - i. What is the greatest common divisor of 10 and f?
10
Suppose 6279 = 143*i - 74*i. Calculate the greatest common factor of i and 65.
13
Let o be (-14)/(6 + 618/(-102)). Calculate the greatest common divisor of o and 28.
14
Let o be (-6)/(84/98) + 23/1. Calculate the greatest common divisor of o and 1440.
16
Suppose -14*x + 23*x = 36. What is the greatest common factor of 128 and x?
4
Suppose -15 - 25 = 4*d. Let q(w) = -w**2 - 13*w - 9. Let f be q(d). Let t = 30 - f. Calculate the highest common factor of t and 6.
3
Let t(r) = -24*r**2 - 3*r - 4. Let h be t(-4). Let b be (-2)/12 + h/48. Let z = b - -20. Calculate the highest commo